[INFO] cloning repository https://github.com/camjackson/omni
[INFO] running `Command { std: "git" "-c" "credential.helper=" "-c" "credential.helper=/workspace/cargo-home/bin/git-credential-null" "clone" "--bare" "https://github.com/camjackson/omni" "/workspace/cache/git-repos/https%3A%2F%2Fgithub.com%2Fcamjackson%2Fomni", kill_on_drop: false }`
[INFO] [stderr] Cloning into bare repository '/workspace/cache/git-repos/https%3A%2F%2Fgithub.com%2Fcamjackson%2Fomni'...
[INFO] running `Command { std: "git" "rev-parse" "HEAD", kill_on_drop: false }`
[INFO] [stdout] c187923cbac919d973e6896ef3b0757e5c334330
[INFO] checking camjackson/omni against try#72f88fc4e9458f89516a0b8b0868f3718aec5b47 for pr-74989
[INFO] running `Command { std: "git" "clone" "/workspace/cache/git-repos/https%3A%2F%2Fgithub.com%2Fcamjackson%2Fomni" "/workspace/builds/worker-3/source", kill_on_drop: false }`
[INFO] [stderr] Cloning into '/workspace/builds/worker-3/source'...
[INFO] [stderr] done.
[INFO] validating manifest of git repo https://github.com/camjackson/omni on toolchain 72f88fc4e9458f89516a0b8b0868f3718aec5b47
[INFO] running `Command { std: "/workspace/cargo-home/bin/cargo" "+72f88fc4e9458f89516a0b8b0868f3718aec5b47" "read-manifest" "--manifest-path" "Cargo.toml", kill_on_drop: false }`
[INFO] started tweaking git repo https://github.com/camjackson/omni
[INFO] removed path dependency oxen from git repo https://github.com/camjackson/omni
[INFO] finished tweaking git repo https://github.com/camjackson/omni
[INFO] tweaked toml for git repo https://github.com/camjackson/omni written to /workspace/builds/worker-3/source/Cargo.toml
[INFO] crate git repo https://github.com/camjackson/omni already has a lockfile, it will not be regenerated
[INFO] running `Command { std: "/workspace/cargo-home/bin/cargo" "+72f88fc4e9458f89516a0b8b0868f3718aec5b47" "fetch" "--locked" "--manifest-path" "Cargo.toml", kill_on_drop: false }`
[INFO] [stderr] warning: dependency (oxen) specified without providing a local path, Git repository, or version to use. This will be considered an error in future versions
[INFO] [stderr]     Updating crates.io index
[INFO] [stderr] error: the lock file /workspace/builds/worker-3/source/Cargo.lock needs to be updated but --locked was passed to prevent this
[INFO] [stderr] If you want to try to generate the lock file without accessing the network, use the --offline flag.
[INFO] the lockfile is outdated, regenerating it
[INFO] running `Command { std: "/workspace/cargo-home/bin/cargo" "+72f88fc4e9458f89516a0b8b0868f3718aec5b47" "generate-lockfile" "--manifest-path" "Cargo.toml" "-Zno-index-update", kill_on_drop: false }`
[INFO] running `Command { std: "/workspace/cargo-home/bin/cargo" "+72f88fc4e9458f89516a0b8b0868f3718aec5b47" "fetch" "--locked" "--manifest-path" "Cargo.toml", kill_on_drop: false }`
[INFO] [stderr] warning: dependency (oxen) specified without providing a local path, Git repository, or version to use. This will be considered an error in future versions
[INFO] [stderr]  Downloading crates ...
[INFO] [stderr]   Downloaded oxen v0.0.2
[INFO] running `Command { std: "docker" "create" "-v" "/var/lib/crater-agent-workspace/builds/worker-3/target:/opt/rustwide/target:rw,Z" "-v" "/var/lib/crater-agent-workspace/builds/worker-3/source:/opt/rustwide/workdir:ro,Z" "-v" "/var/lib/crater-agent-workspace/cargo-home:/opt/rustwide/cargo-home:ro,Z" "-v" "/var/lib/crater-agent-workspace/rustup-home:/opt/rustwide/rustup-home:ro,Z" "-e" "SOURCE_DIR=/opt/rustwide/workdir" "-e" "CARGO_TARGET_DIR=/opt/rustwide/target" "-e" "CARGO_HOME=/opt/rustwide/cargo-home" "-e" "RUSTUP_HOME=/opt/rustwide/rustup-home" "-w" "/opt/rustwide/workdir" "-m" "1610612736" "--user" "0:0" "--network" "none" "rustops/crates-build-env@sha256:d92eaeed33fa75130ca1ee6c8a01d1ffb62bac859dfdfb3450e3e5d1c0146529" "/opt/rustwide/cargo-home/bin/cargo" "+72f88fc4e9458f89516a0b8b0868f3718aec5b47" "metadata" "--no-deps" "--format-version=1", kill_on_drop: false }`
[INFO] [stdout] 55aee879d9ebeae0248751ed7c0fc4e23b1ca54d5cc2c26d0861849a442a6846
[INFO] [stderr] WARNING: Your kernel does not support swap limit capabilities or the cgroup is not mounted. Memory limited without swap.
[INFO] running `Command { std: "docker" "start" "-a" "55aee879d9ebeae0248751ed7c0fc4e23b1ca54d5cc2c26d0861849a442a6846", kill_on_drop: false }`
[INFO] running `Command { std: "docker" "inspect" "55aee879d9ebeae0248751ed7c0fc4e23b1ca54d5cc2c26d0861849a442a6846", kill_on_drop: false }`
[INFO] running `Command { std: "docker" "rm" "-f" "55aee879d9ebeae0248751ed7c0fc4e23b1ca54d5cc2c26d0861849a442a6846", kill_on_drop: false }`
[INFO] [stdout] 55aee879d9ebeae0248751ed7c0fc4e23b1ca54d5cc2c26d0861849a442a6846
[INFO] running `Command { std: "docker" "create" "-v" "/var/lib/crater-agent-workspace/builds/worker-3/target:/opt/rustwide/target:rw,Z" "-v" "/var/lib/crater-agent-workspace/builds/worker-3/source:/opt/rustwide/workdir:ro,Z" "-v" "/var/lib/crater-agent-workspace/cargo-home:/opt/rustwide/cargo-home:ro,Z" "-v" "/var/lib/crater-agent-workspace/rustup-home:/opt/rustwide/rustup-home:ro,Z" "-e" "SOURCE_DIR=/opt/rustwide/workdir" "-e" "CARGO_TARGET_DIR=/opt/rustwide/target" "-e" "CARGO_INCREMENTAL=0" "-e" "RUST_BACKTRACE=full" "-e" "RUSTFLAGS=--cap-lints=forbid" "-e" "CARGO_HOME=/opt/rustwide/cargo-home" "-e" "RUSTUP_HOME=/opt/rustwide/rustup-home" "-w" "/opt/rustwide/workdir" "-m" "1610612736" "--user" "0:0" "--network" "none" "rustops/crates-build-env@sha256:d92eaeed33fa75130ca1ee6c8a01d1ffb62bac859dfdfb3450e3e5d1c0146529" "/opt/rustwide/cargo-home/bin/cargo" "+72f88fc4e9458f89516a0b8b0868f3718aec5b47" "check" "--frozen" "--all" "--all-targets" "--message-format=json", kill_on_drop: false }`
[INFO] [stdout] ea698b74561477ba7eedeaa686b459bbb881493957c6d1f00d4a6673aaadbe04
[INFO] [stderr] WARNING: Your kernel does not support swap limit capabilities or the cgroup is not mounted. Memory limited without swap.
[INFO] running `Command { std: "docker" "start" "-a" "ea698b74561477ba7eedeaa686b459bbb881493957c6d1f00d4a6673aaadbe04", kill_on_drop: false }`
[INFO] [stderr] warning: dependency (oxen) specified without providing a local path, Git repository, or version to use. This will be considered an error in future versions
[INFO] [stderr]    Compiling log v0.4.11
[INFO] [stderr]    Compiling xml-rs v0.8.3
[INFO] [stderr]    Compiling khronos_api v3.1.0
[INFO] [stderr]    Compiling libloading v0.6.3
[INFO] [stderr]    Compiling byteorder v1.3.4
[INFO] [stderr]    Compiling nix v0.14.1
[INFO] [stderr]     Checking lazycell v1.3.0
[INFO] [stderr]     Checking same-file v1.0.6
[INFO] [stderr]     Checking downcast-rs v1.2.0
[INFO] [stderr]     Checking xdg v2.2.0
[INFO] [stderr]    Compiling syn v1.0.40
[INFO] [stderr]     Checking takeable-option v0.5.0
[INFO] [stderr]    Compiling memoffset v0.5.5
[INFO] [stderr]    Compiling standback v0.2.10
[INFO] [stderr]    Compiling time v0.2.19
[INFO] [stderr]    Compiling x11-dl v2.18.5
[INFO] [stderr]    Compiling libloading v0.5.2
[INFO] [stderr]     Checking walkdir v2.3.1
[INFO] [stderr]     Checking iovec v0.1.4
[INFO] [stderr]     Checking net2 v0.2.35
[INFO] [stderr]     Checking memmap v0.7.0
[INFO] [stderr]     Checking raw-window-handle v0.3.3
[INFO] [stderr]     Checking shared_library v0.1.9
[INFO] [stderr]    Compiling quote v0.6.13
[INFO] [stderr]     Checking approx v0.3.2
[INFO] [stderr]     Checking ordered-float v1.1.0
[INFO] [stderr]     Checking line_drawing v0.7.0
[INFO] [stderr]     Checking osmesa-sys v0.1.2
[INFO] [stderr]     Checking rand v0.7.3
[INFO] [stderr]     Checking dlib v0.4.2
[INFO] [stderr]     Checking mio v0.6.22
[INFO] [stderr]     Checking wayland-sys v0.23.6
[INFO] [stderr]    Compiling wayland-scanner v0.23.6
[INFO] [stderr]    Compiling gl_generator v0.14.0
[INFO] [stderr]     Checking stb_truetype v0.3.1
[INFO] [stderr]     Checking rusttype v0.8.3
[INFO] [stderr]     Checking mio-extras v2.0.6
[INFO] [stderr]     Checking rusttype v0.7.9
[INFO] [stderr]     Checking andrew v0.2.1
[INFO] [stderr]    Compiling glutin_glx_sys v0.1.7
[INFO] [stderr]    Compiling glutin_egl_sys v0.1.5
[INFO] [stderr]    Compiling glium v0.27.0
[INFO] [stderr]    Compiling wayland-client v0.23.6
[INFO] [stderr]    Compiling wayland-protocols v0.23.6
[INFO] [stderr]     Checking wayland-commons v0.23.6
[INFO] [stderr]     Checking calloop v0.4.4
[INFO] [stderr]    Compiling time-macros-impl v0.1.1
[INFO] [stderr]     Checking time-macros v0.1.0
[INFO] [stderr]     Checking smithay-client-toolkit v0.6.6
[INFO] [stderr]     Checking winit v0.22.2
[INFO] [stderr]     Checking glutin v0.24.1
[INFO] [stderr]     Checking oxen v0.0.2
[INFO] [stdout] error[E0432]: unresolved import `glium::DisplayBuild`
[INFO] [stdout]   --> /opt/rustwide/cargo-home/registry/src/github.com-1ecc6299db9ec823/oxen-0.0.2/src/lib.rs:12:5
[INFO] [stdout]    |
[INFO] [stdout] 12 | use glium::DisplayBuild;
[INFO] [stdout]    |     ^^^^^^^^^^^^^^^^^^^ no `DisplayBuild` in the root
[INFO] [stdout] 
[INFO] [stdout] 
[INFO] [stdout] error[E0433]: failed to resolve: could not find `Event` in `glutin`
[INFO] [stdout]    --> /opt/rustwide/cargo-home/registry/src/github.com-1ecc6299db9ec823/oxen-0.0.2/src/lib.rs:111:29
[INFO] [stdout]     |
[INFO] [stdout] 111 |                     glutin::Event::Closed => return,
[INFO] [stdout]     |                             ^^^^^ could not find `Event` in `glutin`
[INFO] [stdout] 
[INFO] [stdout] 
[INFO] [stdout] error[E0433]: failed to resolve: could not find `WindowBuilder` in `glutin`
[INFO] [stdout]   --> /opt/rustwide/cargo-home/registry/src/github.com-1ecc6299db9ec823/oxen-0.0.2/src/lib.rs:39:30
[INFO] [stdout]    |
[INFO] [stdout] 39 |             display: glutin::WindowBuilder::new()
[INFO] [stdout]    |                              ^^^^^^^^^^^^^ not found in `glutin`
[INFO] [stdout]    |
[INFO] [stdout] help: consider importing this struct
[INFO] [stdout]    |
[INFO] [stdout] 6  | use glutin::window::WindowBuilder;
[INFO] [stdout]    |
[INFO] [stdout] 
[INFO] [stdout] 
[INFO] [stdout] error[E0599]: no method named `per_instance_if_supported` found for struct `VertexBufferAny` in the current scope
[INFO] [stdout]   --> /opt/rustwide/cargo-home/registry/src/github.com-1ecc6299db9ec823/oxen-0.0.2/src/lib.rs:99:57
[INFO] [stdout]    |
[INFO] [stdout] 99 |                     (&render_object.vertices, instances.per_instance_if_supported().unwrap()),
[INFO] [stdout]    |                                                         ^^^^^^^^^^^^^^^^^^^^^^^^^ method not found in `VertexBufferAny`
[INFO] [stdout] 
[INFO] [stdout] 
[INFO] [stdout] error[E0599]: no method named `poll_events` found for struct `glium::Display` in the current scope
[INFO] [stdout]    --> /opt/rustwide/cargo-home/registry/src/github.com-1ecc6299db9ec823/oxen-0.0.2/src/lib.rs:109:39
[INFO] [stdout]     |
[INFO] [stdout] 109 |             for event in self.display.poll_events() {
[INFO] [stdout]     |                                       ^^^^^^^^^^^ method not found in `glium::Display`
[INFO] [stdout] 
[INFO] [stdout] 
[INFO] [stdout] error[E0308]: mismatched types
[INFO] [stdout]    --> /opt/rustwide/cargo-home/registry/src/github.com-1ecc6299db9ec823/oxen-0.0.2/src/lib.rs:173:42
[INFO] [stdout]     |
[INFO] [stdout] 173 |         VertexBuffer::new(&self.display, data).into_vertex_buffer_any()
[INFO] [stdout]     |                                          ^^^^
[INFO] [stdout]     |                                          |
[INFO] [stdout]     |                                          expected `&[_]`, found struct `Vec`
[INFO] [stdout]     |                                          help: consider borrowing here: `&data`
[INFO] [stdout]     |
[INFO] [stdout]     = note: expected reference `&[_]`
[INFO] [stdout]                   found struct `Vec<ModelTransform>`
[INFO] [stdout] 
[INFO] [stdout] 
[INFO] [stdout] error[E0599]: no method named `into_vertex_buffer_any` found for enum `std::result::Result<glium::VertexBuffer<_>, glium::vertex::BufferCreationError>` in the current scope
[INFO] [stdout]    --> /opt/rustwide/cargo-home/registry/src/github.com-1ecc6299db9ec823/oxen-0.0.2/src/lib.rs:173:48
[INFO] [stdout]     |
[INFO] [stdout] 173 |         VertexBuffer::new(&self.display, data).into_vertex_buffer_any()
[INFO] [stdout]     |                                                ^^^^^^^^^^^^^^^^^^^^^^ method not found in `std::result::Result<glium::VertexBuffer<_>, glium::vertex::BufferCreationError>`
[INFO] [stdout] 
[INFO] [stdout] 
[INFO] [stdout] error[E0308]: mismatched types
[INFO] [stdout]   --> /opt/rustwide/cargo-home/registry/src/github.com-1ecc6299db9ec823/oxen-0.0.2/src/models.rs:32:9
[INFO] [stdout]    |
[INFO] [stdout] 32 | /         vec![
[INFO] [stdout] 33 | |             Vertex { vertex_position: [ -0.5,  0.5], vertex_color: colour },
[INFO] [stdout] 34 | |             Vertex { vertex_position: [  0.5,  0.5], vertex_color: colour },
[INFO] [stdout] 35 | |             Vertex { vertex_position: [  0.5, -0.5], vertex_color: colour },
[INFO] [stdout] 36 | |             Vertex { vertex_position: [ -0.5, -0.5], vertex_color: colour },
[INFO] [stdout] 37 | |         ]
[INFO] [stdout]    | |_________^ expected `&[_]`, found struct `Vec`
[INFO] [stdout]    |
[INFO] [stdout]    = note: expected reference `&[_]`
[INFO] [stdout]                  found struct `Vec<square_vertices::Vertex>`
[INFO] [stdout]    = note: this error originates in a macro (in Nightly builds, run with -Z macro-backtrace for more info)
[INFO] [stdout] 
[INFO] [stdout] 
[INFO] [stdout] error[E0599]: no method named `into_vertex_buffer_any` found for enum `std::result::Result<glium::VertexBuffer<_>, glium::vertex::BufferCreationError>` in the current scope
[INFO] [stdout]   --> /opt/rustwide/cargo-home/registry/src/github.com-1ecc6299db9ec823/oxen-0.0.2/src/models.rs:38:7
[INFO] [stdout]    |
[INFO] [stdout] 38 |     ).into_vertex_buffer_any()
[INFO] [stdout]    |       ^^^^^^^^^^^^^^^^^^^^^^ method not found in `std::result::Result<glium::VertexBuffer<_>, glium::vertex::BufferCreationError>`
[INFO] [stdout] 
[INFO] [stdout] 
[INFO] [stdout] error[E0308]: mismatched types
[INFO] [stdout]   --> /opt/rustwide/cargo-home/registry/src/github.com-1ecc6299db9ec823/oxen-0.0.2/src/models.rs:42:46
[INFO] [stdout]    |
[INFO] [stdout] 42 |     IndexBuffer::new(display, TrianglesList, vec![0, 1, 2, 0, 2, 3])
[INFO] [stdout]    |                                              ^^^^^^^^^^^^^^^^^^^^^^ expected `&[_]`, found struct `Vec`
[INFO] [stdout]    |
[INFO] [stdout]    = note: expected reference `&[_]`
[INFO] [stdout]                  found struct `Vec<{integer}>`
[INFO] [stdout]    = note: this error originates in a macro (in Nightly builds, run with -Z macro-backtrace for more info)
[INFO] [stdout] 
[INFO] [stdout] 
[INFO] [stdout] error[E0308]: mismatched types
[INFO] [stdout]   --> /opt/rustwide/cargo-home/registry/src/github.com-1ecc6299db9ec823/oxen-0.0.2/src/models.rs:42:5
[INFO] [stdout]    |
[INFO] [stdout] 41 | fn square_indices(display: &Display) -> IndexBuffer<u16> {
[INFO] [stdout]    |                                         ---------------- expected `glium::IndexBuffer<u16>` because of return type
[INFO] [stdout] 42 |     IndexBuffer::new(display, TrianglesList, vec![0, 1, 2, 0, 2, 3])
[INFO] [stdout]    |     ^^^^^^^^^^^^^^^^^^^^^^^^^^^^^^^^^^^^^^^^^^^^^^^^^^^^^^^^^^^^^^^^ expected struct `glium::IndexBuffer`, found enum `std::result::Result`
[INFO] [stdout]    |
[INFO] [stdout]    = note: expected struct `glium::IndexBuffer<u16>`
[INFO] [stdout]                 found enum `std::result::Result<glium::IndexBuffer<_>, glium::index::BufferCreationError>`
[INFO] [stdout] 
[INFO] [stdout] 
[INFO] [stdout] error: aborting due to 11 previous errors
[INFO] [stdout] 
[INFO] [stdout] 
[INFO] [stdout] Some errors have detailed explanations: E0308, E0432, E0433, E0599.
[INFO] [stdout] 
[INFO] [stdout] For more information about an error, try `rustc --explain E0308`.
[INFO] [stdout] 
[INFO] [stderr] error: could not compile `oxen`.
[INFO] [stderr] 
[INFO] [stderr] To learn more, run the command again with --verbose.
[INFO] running `Command { std: "docker" "inspect" "ea698b74561477ba7eedeaa686b459bbb881493957c6d1f00d4a6673aaadbe04", kill_on_drop: false }`
[INFO] running `Command { std: "docker" "rm" "-f" "ea698b74561477ba7eedeaa686b459bbb881493957c6d1f00d4a6673aaadbe04", kill_on_drop: false }`
[INFO] [stdout] ea698b74561477ba7eedeaa686b459bbb881493957c6d1f00d4a6673aaadbe04
